 21708?
324
Calculate the greatest common factor of 923906 and 238144.
122
Calculate the greatest common factor of 8009334 and 201690.
4482
Calculate the highest common factor of 190277500 and 125.
125
Calculate the highest common factor of 180 and 651660.
60
Calculate the greatest common divisor of 30448 and 33389.
173
Calculate the greatest common divisor of 1848123 and 3.
3
Calculate the highest common divisor of 2205 and 6549810.
15
What is the highest common factor of 1568 and 46197760?
224
Calculate the greatest common factor of 321873088 and 5568.
1856
What is the greatest common divisor of 1480576 and 5918?
538
Calculate the highest common factor of 647035021 and 333.
37
What is the greatest common factor of 23604223 and 2129?
2129
What is the greatest common divisor of 96450 and 1376020?
6430
What is the greatest common factor of 375 and 542759325?
75
Calculate the greatest common divisor of 49371093 and 22248.
2781
What is the greatest common divisor of 250120 and 8591960?
6760
Calculate the highest common divisor of 490 and 3203030.
10
What is the highest common divisor of 9668967 and 1155?
231
What is the highest common divisor of 749372 and 988?
52
What is the greatest common divisor of 6599092 and 124?
4
What is the greatest common divisor of 167350 and 1550?
50
Calculate the greatest common divisor of 97371085 and 15.
5
Calculate the highest common divisor of 342 and 4124881.
19
Calculate the greatest common factor of 16934766 and 30.
6
What is the greatest common divisor of 178230516 and 51?
51
Calculate the highest common divisor of 74 and 128633793.
37
What is the greatest common divisor of 435700024 and 8?
8
What is the highest common divisor of 1110 and 992685?
15
Calculate the greatest common factor of 4579965 and 225.
45
Calculate the highest common divisor of 19627605 and 27540.
765
What is the greatest common factor of 2487060 and 2560860?
7380
Calculate the greatest common divisor of 4004 and 23761556.
364
Calculate the highest common divisor of 408 and 5862501.
51
What is the greatest common factor of 5936 and 72968?
56
What is the highest common factor of 1332 and 6066972?
36
What is the greatest common divisor of 1870290 and 999?
27
Calculate the greatest common factor of 161 and 439516.
7
What is the greatest common divisor of 5882 and 7871?
17
Calculate the greatest common factor of 607 and 304659977.
607
Calculate the greatest common factor of 999 and 433719.
9
What is the highest common divisor of 15114980 and 10?
10
Calculate the highest common factor of 74947410 and 1080.
270
What is the highest common divisor of 7200301 and 27140?
59
Calculate the greatest common divisor of 171 and 48341301.
57
What is the highest common divisor of 319020 and 7449?
39
What is the highest common divisor of 26298 and 1086?
6
What is the highest common divisor of 32 and 78444432?
16
Calculate the greatest common factor of 1522828744 and 1186.
1186
Calculate the greatest common factor of 7856 and 48358099.
491
Calculate the greatest common factor of 4368589 and 109707.
2813
Calculate the highest common divisor of 52414 and 398726.
146
Calculate the highest common factor of 98488 and 18460.
52
Calculate the greatest common factor of 271232 and 646672.
208
What is the highest common divisor of 466 and 2113963332?
466
Calculate the greatest common factor of 15082872 and 1092.
84
What is the highest common divisor of 7103460 and 1354080?
5460
Calculate the greatest common divisor of 7575392 and 1056.
352
Calculate the highest common factor of 41420 and 18580.
20
Calculate the greatest common divisor of 3352759235 and 1505.
1505
Calculate the highest common divisor of 386406 and 18702.
18
Calculate the greatest common factor of 6874826 and 266.
14
Calculate the greatest common factor of 334608 and 3792.
48
What is the highest common factor of 4749069 and 3306?
1653
Calculate the highest common factor of 3 and 1131432.
3
Calculate the highest common divisor of 337 and 375449678.
337
What is the highest common divisor of 1910164 and 5029?
107
Calculate the highest common divisor of 266 and 416160648.
38
Calculate the greatest common divisor of 23292675 and 9.
9
Calculate the highest common factor of 26721 and 7594702.
2969
What is the greatest common divisor of 9 and 173082087?
9
What is the greatest common factor of 13632199 and 63?
7
Calculate the highest common factor of 3819102 and 14.
14
What is the highest common divisor of 28 and 1222018?
14
Calculate the highest common divisor of 2786 and 119840.
14
Calculate the greatest common divisor of 2088 and 26574904.
232
What is the greatest common divisor of 768 and 3194400?
96
What is the greatest common factor of 249003 and 30879?
657
Calculate the highest common divisor of 6109327 and 14.
7
Calculate the greatest common divisor of 3726 and 139242.
138
Calculate the highest common factor of 119709700 and 3200.
100
What is the greatest common divisor of 48 and 2693074?
2
What is the highest common divisor of 51568 and 1503728?
16
Calculate the greatest common divisor of 167152 and 72754256.
5392
Calculate the highest common factor of 1840037 and 432801.
2531
Calculate the greatest common factor of 3965 and 165609327.
793
Calculate the greatest common factor of 1179945037 and 5653.
5653
What is the greatest common factor of 2284025 and 9476?
103
Calculate the greatest common factor of 78250686 and 18.
6
What is the highest common divisor of 1159868 and 36?
4
What is the greatest common factor of 245 and 62426735?
245
What is the highest common factor of 405847656 and 360?
72
Calculate the highest common factor of 1350 and 88506.
54
Calculate the greatest common divisor of 460 and 298367270.
230
Calculate the greatest common factor of 8369478 and 108.
18
What is the highest common factor of 42309 and 39944397?
4701
Calculate the highest common divisor of 514250875 and 125.
125
Calculate the highest common divisor of 306482 and 66.
22
Calculate the greatest common factor of 46726 and 450408.
766
Calculate the highest common factor of 132 and 736454334.
66
What is the highest common factor of 2711631 and 276?
69
Calculate the highest common divisor of 44558147 and 299009.
2903
What is the highest common divisor of 3808 and 9437771?
119
What is the highest common factor of 1476 and 1722533?
41
What is the highest common factor of 9310595 and 406?
203
Calculate the greatest common factor of 1871532 and 513.
27
What is the greatest common factor of 7200 and 82690?
10
Calculate the greatest common factor of 168 and 148940680.
56
What is the highest common divisor of 26 and 63630502?
26
What is the greatest common factor of 750 and 9818625?
375
What is the highest common divisor of 38617 and 46828989?
1679
What is the highest common divisor of 151044 and 2364821?
307
What is the greatest common divisor of 936 and 5610592?
104
Calculate the highest common divisor of 18711 and 3892455.
567
What is the highest common factor of 50519392 and 8?
8
What is the highest common factor of 26788723 and 91?
13
Calculate the greatest common divisor of 4046 and 35107142.
4046
Calculate the highest common factor of 5 and 6491971.
1
Calculate the greatest common factor of 468 and 77426739.
117
What is the greatest common divisor of 1610 and 13532395?
115
Calculate the greatest common factor of 52900822 and 23998.
1846
Calculate the highest common factor of 172 and 564291064.
172
Calculate the greatest common factor of 9052 and 98650740.
292
Calculate the highest common divisor of 1763 and 280114255.
1763
Calculate the highest common factor of 2289111 and 339522.
213
Calculate the highest common divisor of 7500 and 15185625.
1875
What is the highest common factor of 84532 and 2408?
28
What is the greatest common factor of 1525 and 381921?
61
Calculate the highest common factor of 7964 and 1468.
4
Calculate the greatest common factor of 1645 and 132591935.
1645
Calculate the greatest common factor of 282228 and 1287716.
116
Calculate the greatest common factor of 3199 and 7586200.
457
Calculate the highest common factor of 3450286 and 1759058.
4522
Calculate the highest common divisor of 8055562 and 116.
58
Calculate the greatest common divisor of 8880 and 24323985.
555
Calculate the greatest common divisor 